 4084103?
40840a4
In base 9, what is -1034 + 28682?
27647
In base 13, what is -9647 - -1352?
-82c5
In base 6, what is 1302 + 43241432?
43243134
In base 2, what is -101100000001101011100111 + -110?
-101100000001101011101101
In base 15, what is 0 - -57d47?
57d47
In base 15, what is 554ed820 - 4?
554ed81b
In base 3, what is -20 + -10002011020000122?
-10002011020000212
In base 12, what is 59b + -208b?
-16b0
In base 3, what is -220220211001122001 - 2?
-220220211001122010
In base 10, what is -109117756 + -1?
-109117757
In base 8, what is 601 - -73170?
73771
In base 2, what is 11 - -1101010000010000111011?
1101010000010000111110
In base 12, what is -3923346b - 1?
-39233470
In base 6, what is 345 - 144344?
-143555
In base 12, what is 272454 + 279?
272711
In base 14, what is -3 - -685987?
685984
In base 9, what is 10703 - 25361?
-14557
In base 5, what is -1231342133 + -12?
-1231342200
In base 8, what is -14263460 - -122?
-14263336
In base 15, what is 7a - 2057b?
-20501
In base 11, what is 1a554023 - 5?
1a554019
In base 11, what is -7272 - -3206?
-4067
In base 7, what is -5265363 + -143?
-5265536
In base 8, what is -3 + 67175565?
67175562
In base 7, what is -146 + -42400550?
-42401026
In base 3, what is 2010112212 + -1010101?
2002102111
In base 15, what is -984 + -1d4?
-b68
In base 9, what is -20675 - -1714?
-17861
In base 3, what is 120220000 - 112102202?
1110021
In base 12, what is 11a581 + 99?
11a65a
In base 10, what is -800 - 36977?
-37777
In base 7, what is 1056601632 - 15?
1056601614
In base 3, what is 12012000020212 + -21221?
12011222221221
In base 6, what is 1514032301 - -11?
1514032312
In base 4, what is 13 - -22133002111?
22133002130
In base 12, what is -19545 + -3b56?
-2149b
In base 8, what is -72707447 + 1?
-72707446
In base 7, what is 32 + 22421102?
22421134
In base 16, what is 2c + abca?
abf6
In base 11, what is 3070a67 - 19?
3070a49
In base 11, what is -25 - 2391762?
-2391787
In base 5, what is -130322 - -102303?
-23014
In base 5, what is 1 - -11413102024?
11413102030
In base 5, what is 220 - 3323014423?
-3323014203
In base 8, what is 62213 - -7420?
71633
In base 3, what is 10 - 21022112122010?
-21022112122000
In base 15, what is 63 - -471c1?
47234
In base 13, what is -73a4a - -66b?
-733ac
In base 10, what is -3 - 87321?
-87324
In base 5, what is 110424412322 + 10?
110424412332
In base 5, what is -23333444442 + -1?
-23333444443
In base 3, what is -11012012 + -2011121?
-20100210
In base 9, what is -143342760 - 0?
-143342760
In base 15, what is -15664 + -1454?
-16ab8
In base 4, what is -133103300 - -201322?
-132301312
In base 13, what is -2a2348 - -9?
-2a233c
In base 15, what is -b + 6827a?
6826e
In base 15, what is -2e8 + 6700?
6407
In base 6, what is 1301 - 343510?
-342205
In base 14, what is 3 + 1dd9ccc?
1dd9cd1
In base 4, what is 3311231101203 + 0?
3311231101203
In base 6, what is -30021220 - 551?
-30022211
In base 6, what is -3 - 35403354?
-35403401
In base 5, what is 1200330 - -10443?
1211323
In base 9, what is 16 + -2274350?
-2274333
In base 15, what is 92c4e - -83?
92cd2
In base 2, what is 10010111000 + 1110010100110?
10000101011110
In base 15, what is -8d3 + 7ed17?
7e434
In base 11, what is 4437174 + -15?
443715a
In base 7, what is -441106626 - -5?
-441106621
In base 14, what is -3b971 - -156?
-3b819
In base 14, what is 16 + -25a7?
-2591
In base 6, what is -15 - 133210524?
-133210543
In base 13, what is -243aa9a + 1c?
-243aa7b
In base 10, what is -1130 + -608009?
-609139
In base 14, what is 26b5 - -764?
3039
In base 6, what is 104104 - -233411?
341515
In base 12, what is 13864334 - -6?
1386433a
In base 9, what is 56022 + 484?
56516
In base 4, what is 321020311133 - 210?
321020310323
In base 4, what is 10 + 220001202131?
220001202201
In base 15, what is -8b - 33b30?
-33bbb
In base 5, what is 322330301 + -23?
322330223
In base 10, what is -835595 + 55?
-835540
In base 14, what is b7c308 + -5?
b7c303
In base 13, what is 25185 + c7?
2527c
In base 10, what is -47 - 396681?
-396728
In base 16, what is 66a + 40d5?
473f
In base 5, what is -421 - -3402321?
3401400
In base 10, what is -70975 + -882?
-71857
In base 11, what is -193138a - -19?
-1931371
In base 12, what is 25226 - 963?
24483
In base 15, what is 648ea + 6?
64901
In base 13, what is -4 - -1bb145?
1bb141
In base 2, what is 1000000011010 - -10000000?
1000010011010
In base 2, what is -100111101110100001101 - -1101010?
-100111101110010100011
In base 16, what is -104107 - 2?
-104109
In base 14, what is 10150464 + -9?
10150459
In base 2, what is -101001001110011001 + -11011100?
-101001010001110101
In base 9, what is -21456483 + 11?
-21456472
In base 4, what is 1202 - 13122013?
-13120211
In base 13, what is -976 - -23064?
223bb
In base 11, what is 1 - -2539554?
2539555
In base 14, what is -101 + -bdb?
-cdc
In base 10, what is -8 + 12129988?
12129980
In base 10, what is -1 - -2207341?
2207340
In base 12, what is -a24882 + -2?
-a24884
In base 14, what is -340b0 + -43c?
-3450c
In base 4, what is 1333 - -2200222223?
2200230222
In base 5, what is -211232412 - 3?
-211232420
In base 5, what is 2434 - -1031141?
1034130
In base 11, what is -56916 + -1a4?
-5700a
In base 9, what is 218308 + 73?
218382
In base 15, what is -2daddd8 + -16?
-2daddee
In base 12, what is 59a + -3166?
-2788
In base 10, what is -3 + 4863557?
4863554
In base 12, what is -1055 - -183a5?
17350
In base 2, what is 1 - 111000001111001011000?
-111000001111001010111
In base 9, what is -152260 + -718?
-153078
In base 7, what is -230241 - -403?
-226535
In base 6, what is -13333123243 - -3?
-13333123240
In base 15, what is 106 - -2a284?
2a38a
In base 4, what is 331 - 2310031312?
-2310030321
In base 8, what is 736 + 7774?
10732
In base 11, what is -5217a5 + -16?
-521810
In base 7, what is 1065 + 22063?
23161
In base 10, what is -83822 - -5?
-83817
In base 12, what is -4 - a44782?
-a44786
In base 6, what is 43 + 1202520?
1203003
In base 16, what is 8 + -5d7ba?
-5d7b2
In base 8, what is 57052310 + 22?
57052332
In base 7, what is -331005661 - 1?
-331005662
In base 8, what is 3 - -4765763?
4765766
In base 11, what is 114 - 6931?
-6818
In base 2, what is -1011010110000000110010 - -1001?
-1011010110000000101001
In base 16, what is -48e0 + -539?
-4e19
In base 13, what is 283cc3 - 121?
283ba2
In base 16, what is -3 + -2968cd4?
-2968cd7
In base 9, what is 1 + -41736150?
-41736148
In base 12, what is -973 + 7b46b?
7a6b8
In base 13, what is 5082a3 + 3?
5082a6
In base 16, what is -6705e - 9?
-67067
In base 12, what is -25 + -10a66b?
-10a694
In base 13, what is 182579 + 2a?
1825a6
In base 3, what is -10 - -12100021020120010?
12100021020120000
In base 12, what is 44 + 71690a?
716952
In base 8, what is 5 + 225372754?
225372761
In base 2, what is -100001 - -10111011101011000?
10111011100110111
In base 15, what is 191bb2a - -5?
191bb30
In base 13, what is 93 + -23434?
-23371
In base 14, what is 35acb3b - 1a?
35acb21
In base 11, what is -2aa949 - 5?
-2aa953
In base 6, what is 110 + -114025512?
-114025402
In base 4, what is 2323321 + 332213?
3322200
In base 15, what is 3e26e - -d63?
400d2
In base 14, what is 13095 - 337?
12b5c
In base 12, what is -126a60b + -100?
-126a70b
In base 15, what is -18d9a5 - 10a?
-18dab0
In base 12, what is 8b - 36a608?
-36a539
In base 13, what is 0 + -5182a7?
-5182a7
In base 7, what is -2060642503 - 2?
-2060642505
In base 9, what is 107542435 - -1?
107542436
In base 7, what is -52 - -451103?
451021
In base 11, what is -583aa3 + -2?
-583aa5
In base 2, what is -11 + -100001010101111001010110110?
-100001010101111001010111001
In base 9, what is -340 + 3377315?
3376865
In base 4, what is 33 + -22110312313?
-22110312220
In base 15, what is 391729 + -38?
3916e1
In base 12, what is 21315 - 29?
212a8
In base 6, what is -11314234 - 33?
-11314311
In base 4, what is -11 - 2321231330101?
-2321231330112
In base 14, what is 1dbabc - c5?
1db9d7
In base 4, what is -2200311312 - -1?
-2200311311
In base 3, what is 1211202001200 - -11110?
1211202020010
In base 15, what is 3be3bdc - 1?
3be3bdb
In base 5, what is 10 + -22420242403?
-22420242343
In base 5, what is 0 - 44222022121?
-44222022121
In base 3, what is -20 + 211201110221?
211201110201
In base 2, what is -10 + 11001110010000001?
11001110001111111
In base 9, what is -105 - 48100?
-482